o base 16.
0
Convert -33 (base 9) to base 15.
-20
Convert 53 (base 10) to base 15.
38
Convert 11 (base 11) to base 4.
30
-7 (base 15) to base 2
-111
-27 (base 14) to base 4
-203
What is 242 (base 5) in base 11?
66
cc (base 13) to base 3
20020
97 (base 11) to base 5
411
What is -4 (base 11) in base 8?
-4
What is 2 (base 15) in base 10?
2
What is -210 (base 5) in base 6?
-131
-1 (base 3) to base 15
-1
-27 (base 10) to base 12
-23
-1011 (base 2) to base 12
-b
Convert -2 (base 15) to base 7.
-2
-1 (base 15) to base 4
-1
What is -302 (base 8) in base 6?
-522
What is -4 (base 16) in base 11?
-4
Convert -24 (base 6) to base 16.
-10
-323 (base 6) to base 2
-1111011
What is 12 (base 8) in base 5?
20
-213 (base 11) to base 14
-144
What is 11 (base 16) in base 8?
21
Convert -101110 (base 2) to base 11.
-42
Convert -2 (base 15) to base 10.
-2
3 (base 8) to base 2
11
6 (base 14) to base 15
6
3 (base 9) to base 13
3
2 (base 11) to base 4
2
What is 33 (base 8) in base 2?
11011
What is -31 (base 4) in base 13?
-10
-100010 (base 2) to base 13
-28
What is -25 (base 11) in base 5?
-102
Convert -1 (base 13) to base 8.
-1
What is -3123 (base 4) in base 6?
-1003
-8 (base 11) to base 16
-8
Convert 123 (base 4) to base 6.
43
Convert -ee (base 15) to base 9.
-268
What is 3333 (base 4) in base 12?
193
Convert 40 (base 14) to base 3.
2002
Convert 89 (base 13) to base 8.
161
Convert -185 (base 12) to base 16.
-f5
-1 (base 4) to base 10
-1
Convert 42 (base 12) to base 8.
62
-b (base 13) to base 5
-21
Convert -13 (base 5) to base 12.
-8
What is 331 (base 7) in base 3?
20021
What is 31 (base 4) in base 9?
14
Convert -2 (base 7) to base 15.
-2
What is 6 (base 16) in base 15?
6
Convert 11100101 (base 2) to base 5.
1404
-133 (base 8) to base 3
-10101
11 (base 2) to base 14
3
100101 (base 2) to base 11
34
What is 1103 (base 4) in base 13?
65
Convert -120 (base 5) to base 13.
-29
Convert -11 (base 11) to base 5.
-22
Convert -25 (base 12) to base 10.
-29
Convert 21 (base 3) to base 11.
7
What is -25 (base 14) in base 9?
-36
What is 1010 (base 3) in base 5?
110
122 (base 4) to base 8
32
-10a (base 11) to base 16
-83
Convert 14 (base 14) to base 4.
102
Convert -2 (base 14) to base 13.
-2
-1 (base 11) to base 10
-1
What is 1011 (base 3) in base 7?
43
What is 9 (base 15) in base 5?
14
Convert 10b (base 13) to base 16.
b4
Convert 1100 (base 2) to base 14.
c
-41 (base 12) to base 11
-45
What is -3 (base 16) in base 6?
-3
cb (base 14) to base 7
344
-24 (base 6) to base 13
-13
What is 2 (base 10) in base 12?
2
Convert -22 (base 9) to base 2.
-10100
Convert -1314 (base 6) to base 10.
-334
What is 86 (base 10) in base 6?
222
What is -9 (base 11) in base 5?
-14
Convert -105 (base 7) to base 2.
-110110
What is -22 (base 8) in base 9?
-20
-1 (base 13) to base 16
-1
10 (base 12) to base 16
c
74 (base 9) to base 14
4b
What is -21102 (base 3) in base 4?
-3020
What is 2 (base 7) in base 4?
2
-3 (base 7) to base 2
-11
What is 0 (base 10) in base 7?
0
-6 (base 7) to base 13
-6
What is 1100000 (base 2) in base 6?
240
What is 2 (base 12) in base 5?
2
13 (base 6) to base 12
9
Convert 2 (base 15) to base 16.
2
Convert -13 (base 6) to base 3.
-100
What is -2 (base 14) in base 7?
-2
What is 5 (base 12) in base 4?
11
What is 2 (base 12) in base 9?
2
-34 (base 7) to base 4
-121
What is -1 (base 16) in base 8?
-1
-152 (base 6) to base 12
-58
Convert -79 (base 11) to base 16.
-56
What is -62 (base 10) in base 3?
-2022
What is 15 (base 7) in base 8?
14
Convert 7f (base 16) to base 6.
331
What is -2 (base 9) in base 12?
-2
What is 1000 (base 3) in base 11?
25
-2 (base 5) to base 15
-2
-2 (base 8) to base 15
-2
Convert -32 (base 15) to base 12.
-3b
-2 (base 7) to base 12
-2
What is 101 (base 7) in base 4?
302
What is 29 (base 15) in base 12?
33
-20 (base 13) to base 16
-1a
432 (base 5) to base 2
1110101
What is 334 (base 8) in base 16?
dc
-10 (base 2) to base 4
-2
What is -21 (base 15) in base 7?
-43
-7 (base 14) to base 7
-10
What is -14 (base 9) in base 2?
-1101
Convert 0 (base 14) to base 11.
0
What is 0 (base 13) in base 11?
0
What is -2 (base 16) in base 12?
-2
Convert 153 (base 10) to base 4.
2121
Convert 2 (base 3) to base 8.
2
Convert 28 (base 11) to base 5.
110
What is -124 (base 7) in base 6?
-151
What is -a3 (base 14) in base 11?
-120
14 (base 8) to base 6
20
Convert -3 (base 8) to base 7.
-3
Convert -221 (base 5) to base 9.
-67
What is 2 (base 3) in base 5?
2
What is 1 (base 12) in base 4?
1
Convert 1 (base 11) to base 5.
1
18 (base 9) to base 10
17
Convert -32 (base 4) to base 12.
-12
What is 41 (base 8) in base 6?
53
Convert 3d (base 16) to base 8.
75
What is 111 (base 2) in base 11?
7
Convert -202 (base 6) to base 2.
-1001010
-10332 (base 4) to base 15
-163
What is 1001 (base 3) in base 5?
103
Convert 4 (base 5) to base 10.
4
Convert -155 (base 7) to base 4.
-1121
Convert -10 (base 3) to base 8.
-3
-6 (base 8) to base 15
-6
Convert -1 (base 3) to base 13.
-1
2021 (base 4) to base 6
345
What is -57 (base 11) in base 13?
-4a
-8 (base 11) to base 5
-13
-3 (base 11) to base 16
-3
Convert -12 (base 6) to base 11.
-8
2 (base 12) to base 11
2
-13 (base 4) to base 3
-21
What is 11102 (base 3) in base 7?
230
What is 1 (base 3) in base 8?
1
Convert -1 (base 11) to base 5.
-1
Convert -1a (base 16) to base 13.
-20
3 (base 11) to base 12
3
Convert 4 (base 9) to base 10.
4
Convert -19 (base 15) to base 7.
-33
What is -117 (base 11) in base 2?
-10001011
What is 27 (base 9) in base 15?
1a
What is -3 (base 15) in base 5?
-3
-22 (base 6) to base 4
-32
What is 11 (base 4) in base 15?
5
What is -11 (base 12) in base 14?
-d
41 (base 6) to base 14
1b
What is 0 (base 11) in base 4?
0
What is -101 (base 2) in base 7?
-5
10332 (base 4) to base 3
102210
Convert -5 (base 8) to base 12.
-5
-6 (base 11) to base 15
-6
274 (base 8) to base 2
10111100
What is -2 (base 14) in base 2?
-10
56 (base 12) to base 5
231
-2002 (base 3) to base 6
-132
10 (base 4) to base 12
4
Convert -5 (base 6) to base 8.
-5
Convert 110 (base 5) to base 6.
50
-37 (base 11) to base 6
-104
Convert -2 (base 11) to base 6.
-2
What is 2 (base 16) in base 4?
2
What is -b8 (base 16) in base 8?
-270
What is 100000000 (base 2) in base 11?
213
What is 4 (base 11) in base 15?
4
-35 (base 8) to base 14
-21
1 (base 7) to base 2
1
Convert 5 (base 16) to base 8.
5
What is 1 (base 6) in base 15?
1
What is -a3 (base 16) in base 5?
-1123
What is -1 (base 5) in base 8?
-1
What is -10 (base 4) in base 6?
-4
-2 (base 12) to base 3
-2
-3 (base 9) to base 16
-3
10 (base 6) to base 8
6
27 (base 15) to base 7
52
What is -4 (base 7) in base 3?
-11
What is 88 (base 10) in base 16?
58
What is -2 (base 14) in base 11?
-2
Convert -6 (base 7) to base 5.
-11
Convert -20 (base 5) to base 6.
-14
-98 (base 14) to base 5
-1014
1010110 (base 2) to base 9
105
Convert 30 (base 5) to base 4.
33
-3 (base 13) to base 10
-3
-d (base 16) to base 9
-14
Convert -7 (base 9) to base 15.
-7
Convert 2 (base 15) to base 2.
10
13 (base 5) to base 11
8
Convert 2 (base 7) to base 13.
2
Convert 18 (base 12) to base 2.
10100
Convert -17 (base 10) to base 15.
-12
What is -16 (base 7) in base 15?
-d
What is -27 (base 11) in base 16?
-1d
1a (base 13) to base 7
32
Convert -12 (base 4) to base 12.
-6
What is -11100 (base 2) in base 12?
-24
-43 (base 14) to base 10
-59
Convert 5 (base 6) to base 7.
5
-2 (base 3) to base 5
-2
Convert -4 (base 15) to base 16.
-4
Convert -60 (base 7) to base 12.
-36
What is 11 (base 2) in base 13?
3
What is 11 (base 10) in base 13?
b
3 (base 15) to base 3
10
0 (base 8) to base 16
0
-3 (base 8) to base 10
-3
Convert -102 (base 4) to base 9.
-20
Convert 323 (base 4) to base 5.
214
What is 2 (base 14) in base 6?
2
44 (base 9) to base 16
28
-17 (base 15) to base 10
-22
Convert -14 (base 7) to base 6.
-15
-66 (base 7) to base 3
-1210
205 (base 6) to base 4
1031
Convert 2440 (base 5) to base 11.
307
What is 6 (base 12) in base 4?
12
-10 (base 16) to base 6
-24
-234 (base 5) to base 6
-153
What is -18 (base 10) in base 2?
-10010
254 (base 8) to base 4
2230
Convert 1 (base 3) to base 10.
1
Convert 1 (base 12) to base 14.
1
What is -1 (base 7) in base 10?
-1
-89 (base 16) to base 9
-162
What is -45 (base 6) in base 8?
-35
Convert -19 (base 12) to base 8.
-25
What is -1 (base 7) in base 